{"id":34,"date":"2018-07-16T08:54:36","date_gmt":"2018-07-16T08:54:36","guid":{"rendered":"http:\/\/alfred-schatz.de\/?page_id=34"},"modified":"2018-07-25T06:34:38","modified_gmt":"2018-07-25T06:34:38","slug":"leistungen","status":"publish","type":"page","link":"https:\/\/alfred-schatz.de\/?page_id=34","title":{"rendered":"Leistungen"},"content":{"rendered":"<p><span style=\"text-decoration: underline;\"><strong>Schadensgutachten<\/strong><\/span><\/p>\n<p>Das Schadengutachten ist nicht eine blo\u00dfe Schadenkalkulation, sondern beinhaltet Angaben zum Fahrzeug, zum Schadenhergang, zum Reparaturweg und zu allen schadenrelevanten Werten.<\/p>\n<p>Im Falle eines unverschuldeten Verkehrsunfalls sollten Sie einen unabh\u00e4ngigen Kfz-Sachverst\u00e4ndigen beauftragen. Wir helfen Ihnen gerne weiter. Eine Aufnahme des Schadens vor Ort bei Ihnen zu Hause ist selbstverst\u00e4ndlich auch machbar.<\/p>\n<p>Zur Durchsetzung Ihrer Anspr\u00fcche gegen\u00fcber der gegnerischen Versicherung erstellen wir Ihnen schnell und kompetent ein Schaden- oder Beweissicherungsgutachten. Au\u00dferdem wird eine evtl. eingetretene Wertminderung ermittelt, so dass Sie oder Ihr Rechtsanwalt alle Anspr\u00fcche \u00a0bei der gegnerischen Versicherung geltend machen k\u00f6nnen.<\/p>\n<hr \/>\n<p><span style=\"text-decoration: underline;\"><strong>Fahrzeugbewertung:<\/strong><\/span><br \/>\nSchwarz auf wei\u00df &#8230; Eine Fahrzeugbewertung kann z.B. notwendig werden bei Verkauf, Kauf, Inzahlungnahme oder Leasingr\u00fccknahme. Hierbei gibt es viele Parameter wie z. B. Verkaufswert, Einkaufswert, Zeitwert, Wiederbeschaffungswert des Fahrzeuges. Hinzu kommt der individuelle Zustand des Fahrzeuges, die Bewertung von vorhandenen Sch\u00e4den u.s.w. Sie besitzen einen Oldtimer oder Youngtimer ? In diesem Fall ist die Erstellung eines Wertgutachtens von h\u00f6chster Wichtigkeit. Bei Unfall oder Diebstahl des Fahrzeuges kann nur durch einen detaillierten und aktuellen Zustandsbericht ein berechtigter Anspruch durchgesetzt werden. Gerne begleiten wir Sie auch w\u00e4hrend der Restauration Ihres Fahrzeuges und erstellen die f\u00fcr das sp\u00e4tere Gutachten notwendige Fotodokumentation.<\/p>\n<hr \/>\n<p><span style=\"text-decoration: underline;\"><strong>Unfallrekonstruktion:<\/strong><\/span><br \/>\nDer Bereich Unfallrekonstruktion umfasst ein breites Fachgebiet.<br \/>\n<span lang=\"de\">Sowie d<\/span>ie Rekonstruktion von Kleinkollisionen als auch komplizierte Unfallherg\u00e4nge finden Anwendung. F\u00fcr Gerichte, Rechtsanw\u00e4lte und Unfallbeteiligte ist sie eine unterst\u00fctzende Hilfe zur Aufkl\u00e4rung des Unfallherganges.<br \/>\nDurch die Verwendung einer Unfallrekonstruktion werden die abgelaufenen Vorg\u00e4nge auf Grundlage von gesicherten Spuren, Unfallskizzen und konkreten Aussagen nach- vollzogen. Diese Vorg\u00e4nge k\u00f6nnen anhand einer Animation anschaulich demonstriert werden.<\/p>\n<hr \/>\n<p><span style=\"text-decoration: underline;\"><strong>Oldtimergutachten:<\/strong><\/span><br \/>\nNeben den Schadengutachten, wie man sie von den neuen Fahrzeugen kennt, stehen wir auch f\u00fcr spezielle Oldtimer-Bewertungen zur Verf\u00fcgung. Wir bieten Ihnen hierbei unterschiedliche Bewertungsformen an, die den unterschiedlichen Verwendungszwecken gerecht werden.<br \/>\nUm einen Klassiker in einer Oldtimerversicherung unterzubringen, ben\u00f6tigt man eine Fahrzeugbewertung, die \u00fcber den Zustand und den Marktwert informiert. Mit dem Wert des Fahrzeuges steigt auch die Dringlichkeit, eine besonders aussagekr\u00e4ftige Bewertung vorlegen zu k\u00f6nnen. Da im Schadenfall, z. B. bei einem Verkehrsunfall oder Entwendung des Fahrzeuges, der Zustand und daraus resultierend der Wert nicht mehr einwandfrei bewertet werden kann, ist es \u00e4u\u00dferst ratsam, eine ausf\u00fchrliche, aktuelle Bewertung vorweisen zu k\u00f6nnen.<\/p>\n<p>Oldtimer &#8211; Zustandsnoten<\/p>\n<table border=\"0\" width=\"610\">\n<tbody>\n<tr>\n<td width=\"81\"><span style=\"font-family: Verdana; font-size: small;\"><strong>Note 1<\/strong><\/span><\/td>\n<td width=\"519\"><span style=\"color: #000000; font-family: Verdana; font-size: small;\"> Makelloser Zustand. Keine M\u00e4ngel an Technik, Optik und Historie (Originalit\u00e4t). Fahrzeuge der absoluten Spitzenklasse.<br \/>\nUnbenutztes Original (Museumsauto) oder mit Neuteilen komplett restauriertes Spitzenfahrzeug. Wie neu (oder besser). Sehr selten!<\/span><\/td>\n<\/tr>\n<tr>\n<td width=\"81\"><span style=\"font-family: Verdana; font-size: small;\"><strong>Note 2<\/strong><\/span><\/td>\n<td width=\"519\"><span style=\"color: #000000; font-family: Verdana; font-size: small;\"> Guter Zustand. M\u00e4ngelfrei, mit leichten Gebrauchsspuren. Original oder fachgerecht und aufwendig restauriert.<br \/>\nKeine fehlenden oder zus\u00e4tzlich montierten Teile.<\/span><\/td>\n<\/tr>\n<tr>\n<td width=\"81\"><span style=\"font-family: Verdana; font-size: small;\"><strong>Note 3<\/strong><\/span><\/td>\n<td width=\"519\"><span style=\"color: #000000; font-family: Verdana; font-size: small;\"> Gebrauchter Zustand. Normale Spuren der Jahre. Kleinere M\u00e4ngel, aber voll fahrbereit. Keine Durchrostungen.<br \/>\nKeine sofortigen Arbeiten notwendig. Nicht sch\u00f6n, aber gebrauchsfertig.<\/span><\/td>\n<\/tr>\n<tr>\n<td width=\"81\"><span style=\"font-family: Verdana; font-size: small;\"><strong>Note 4<\/strong><\/span><\/td>\n<td width=\"519\"><span style=\"color: #000000; font-family: Verdana; font-size: small;\"> Verbrauchter Zustand. Nur bedingt fahrbereit. Sofortige Arbeiten notwendig. Leichtere bis mittlere Durchrostungen.<br \/>\nEinige kleinere Teile fehlen oder sind defekt. Teilrestauriert. Leicht zu reparieren (bzw. restaurieren).<\/span><\/td>\n<\/tr>\n<tr>\n<td width=\"81\"><span style=\"font-family: Verdana; font-size: small;\"><strong>Note 5<\/strong><\/span><\/td>\n<td width=\"519\"><span style=\"color: #000000; font-family: Verdana; font-size: small;\"> Restaurationsbed\u00fcrftiger Zustand. Nicht fahrbereit. Schlecht restauriert bzw. teil- oder komplett zerlegt. Gr\u00f6\u00dfere Investitionen n\u00f6tig, aber noch restaurierbar. Fehlende Teile.<\/span><\/td>\n<\/tr>\n<\/tbody>\n<\/table>\n<hr \/>\n<p><span style=\"text-decoration: underline;\"><strong><span style=\"font-family: arial,helvetica,sans-serif; font-size: 12pt;\"><span style=\"color: #000000; text-decoration: underline;\"><br \/>\n<\/span><\/span><\/strong><strong>Zeitwertgutachten:<br \/>\n<\/strong><\/span>Was ein Fahrzeug wirklich wert ist, wird sp\u00e4testens dann interessant, wenn es den Besitzer wechselt, zum Beispiel:<\/p>\n<ul type=\"disc\">\n<li>bei Beendigung eines Leasing-Vertrages<\/li>\n<li>bei Kauf oder Verkauf<\/li>\n<li>zur Finanzierung eines Gebrauchten durch die Bank<\/li>\n<li>f\u00fcr Versicherungen<\/li>\n<li>bei Erbschaften<\/li>\n<\/ul>\n<p>Anstatt grob und vielleicht mit gro\u00dfem Verlust zu sch\u00e4tzen, sollten Sie lieber auf Nummer Sicher gehen und sich auf unsere Kompetenz und langj\u00e4hrige Erfahrung verlassen.<\/p>\n<p>Wir ermitteln den genauen Fahrzeugwert. Als Basis dient der Durchschnittswert des jeweiligen Fahrzeugtyps, dem weitere Vergleichswerte aus der Datenbank hinzugef\u00fcgt werden, so z. B. regionale Marktpreise oder saisonale Schwankungen. Zusammen mit dem in der Begutachtung erfassten individuellen Zustand, der ermittelten Laufleistung, der Lackierung, dem Fahrzeugalter und des Sonderzubeh\u00f6rs, wie R\u00e4der, Tieferlegungen, Spoiler, Motor-Tuning etc., liefern Ihnen diese Informationen am Ende den genauen Fahrzeugwert. Eine Probefahrt gibt uns weitere Hinweise auf den Fahrzeugzustand.<\/p>\n<p>Selbstverst\u00e4ndlich ber\u00fccksichtigen wir dabei die speziellen Gegebenheiten besonders alter oder exklusiver Modelle. Trotz aller Sorgfalt geht das schneller, als Sie denken. Wir ermitteln f\u00fcr Sie den aktuellen Wert Ihres Fahrzeuges zu einem vorher vereinbarten Festpreis.<\/p>\n<hr \/>\n<p><span style=\"text-decoration: underline;\"><strong>Beweissicherung:<\/strong><\/span><br \/>\nMindestens ebenso wichtig<span lang=\"de\"> wie das Schadengutachten<\/span> ist die Beweissicherung durch ein Gutachten. Will man im Bestreitensfalle die Forderung aus einem Unfallschaden <span lang=\"de\">g<\/span>erichtlich durchsetzen, muss der Nachweis gef\u00fchrt werden, dass der Anspruch berechtigt ist. Dies erfolgt bez\u00fcglich der Schadensh\u00f6he in der Regel <span lang=\"de\">\u00fcb<\/span>er ein Schadengutachten. Nur hierdurch, und nicht durch einen Kostenvoranschlag, k\u00f6nnen ggfs. der Wert des Fahrzeuges, eventuelle Vorsch\u00e4den und weitere, f\u00fcr die Schadensabwicklung relevanten Positionen nachgewiesen werden.<\/p>\n<p>&nbsp;<\/p>\n","protected":false},"excerpt":{"rendered":"<p>Schadensgutachten Das Schadengutachten ist nicht eine blo\u00dfe Schadenkalkulation, sondern beinhaltet Angaben zum Fahrzeug, zum Schadenhergang, zum Reparaturweg und zu allen schadenrelevanten Werten. Im Falle eines unverschuldeten Verkehrsunfalls sollten Sie einen [&#8230;]<\/p>\n","protected":false},"author":1,"featured_media":0,"parent":0,"menu_order":0,"comment_status":"closed","ping_status":"closed","template":"","meta":{"footnotes":""},"class_list":["post-34","page","type-page","status-publish","hentry"],"_links":{"self":[{"href":"https:\/\/alfred-schatz.de\/index.php?rest_route=\/wp\/v2\/pages\/34"}],"collection":[{"href":"https:\/\/alfred-schatz.de\/index.php?rest_route=\/wp\/v2\/pages"}],"about":[{"href":"https:\/\/alfred-schatz.de\/index.php?rest_route=\/wp\/v2\/types\/page"}],"author":[{"embeddable":true,"href":"https:\/\/alfred-schatz.de\/index.php?rest_route=\/wp\/v2\/users\/1"}],"replies":[{"embeddable":true,"href":"https:\/\/alfred-schatz.de\/index.php?rest_route=%2Fwp%2Fv2%2Fcomments&post=34"}],"version-history":[{"count":9,"href":"https:\/\/alfred-schatz.de\/index.php?rest_route=\/wp\/v2\/pages\/34\/revisions"}],"predecessor-version":[{"id":113,"href":"https:\/\/alfred-schatz.de\/index.php?rest_route=\/wp\/v2\/pages\/34\/revisions\/113"}],"wp:attachment":[{"href":"https:\/\/alfred-schatz.de\/index.php?rest_route=%2Fwp%2Fv2%2Fmedia&parent=34"}],"curies":[{"name":"wp","href":"https:\/\/api.w.org\/{rel}","templated":true}]}}