{"id":4,"date":"2018-06-28T17:07:55","date_gmt":"2018-06-28T17:07:55","guid":{"rendered":"http:\/\/alfred-schatz.de\/?page_id=4"},"modified":"2018-07-16T08:38:01","modified_gmt":"2018-07-16T08:38:01","slug":"impressum","status":"publish","type":"page","link":"https:\/\/alfred-schatz.de\/?page_id=4","title":{"rendered":"Impressum"},"content":{"rendered":"<p>Betreiber und Inhalt:<br \/>\n<span lang=\"de\">Alfred Schatz<\/span><br \/>\n<span lang=\"de\">Hampersdorf 40<\/span><br \/>\n84405 Dorfen<\/p>\n<p>Telefon 0808<span lang=\"de\">1 8800<\/span><br \/>\nTelefax 0808<span lang=\"de\">1 959067<\/span><br \/>\nHandy 0172<span lang=\"de\">9700948<\/span><\/p>\n<p><span lang=\"de\"><a> alfred.schatz@t-online.de<\/a> <\/span><br \/>\n<span lang=\"de\"><a href=\"file:\/\/\/C:\/Users\/thomas.kagerer\/OneDrive\/Homepage%20_IT\/Schatz\/Backup%20der%20alten%20Seite\/Homepage\/www.alfred-schatz.de\">www.alfred-schatz.de<\/a> <\/span><\/p>\n<p><span lang=\"de\">Ansprechpartner und <\/span><span lang=\"de\">Verantwortlich f\u00fcr Text und Inhalt:<\/span><br \/>\n<span lang=\"de\">Alfred Schatz<\/span><\/p>\n<p><span lang=\"de\">Umsatzsteuer-ID:<\/span><br \/>\n<span lang=\"de\">Umsatzsteuer-Identifikationsnummer gem\u00e4\u00df \u00a727 a Umsatzsteuergesetz:<\/span><br \/>\n<span lang=\"de\">141\/226\/61340<\/span><\/p>\n<hr \/>\n<p><strong>Technische Realisierung:<\/strong><img loading=\"lazy\" decoding=\"async\" class=\" size-full wp-image-758 alignright\" src=\"http:\/\/www.heumeier.de\/wp-content\/uploads\/2014\/07\/logo-kagerer_net_2500_2000-300x240.png\" alt=\"logo-kagerer_net_2500_2000-300x240\" width=\"300\" height=\"240\" \/><\/p>\n<p><strong>kagerer.net<\/strong><br \/>\n<strong>\u00a0<\/strong>Thomas Kagerer<br \/>\nMoosfeldring 22<br \/>\nD \u2013 84431 Heldenstein<br \/>\nTel: 08636 \u2013 697707<br \/>\nFax: 08636 \u2013 697774<br \/>\nweb: <a title=\"\" href=\"http:\/\/www.kagerer.net\/\" target=\"_blank\" rel=\"noopener\">http:\/\/www.kagerer.net<\/a><br \/>\nemail: <a title=\"\" target=\"_blank\">thomas@kagerer.net<\/a><\/p>\n<p>&nbsp;<\/p>\n<hr \/>\n<p><strong><span style=\"color: black; font-family: 'Arial',sans-serif; font-size: 10pt;\"><br \/>\n1. Inhalt des Onlineangebotes<\/span><\/strong><b><span style=\"color: black; font-family: 'Arial',sans-serif; font-size: 10pt;\"><br \/>\n<\/span><\/b><span style=\"color: black; font-family: 'Arial',sans-serif; font-size: 10pt;\">Die Firma Alfred Schatz \u00fcbernimmt keinerlei Gew\u00e4hr f\u00fcr die Aktualit\u00e4t, Korrektheit, Vollst\u00e4ndigkeit oder Qualit\u00e4t der bereitgestellten Informationen. Haftungsanspr\u00fcche gegen die Firma Alfred Schatz welche sich auf Sch\u00e4den materieller oder ideeller Art beziehen, die durch die Nutzung oder Nichtnutzung der dargebotenen Informationen bzw. durch die Nutzung fehlerhafter und unvollst\u00e4ndiger Informationen verursacht wurden sind grunds\u00e4tzlich ausgeschlossen, sofern seitens der Firma Alfred Schatz kein nachweislich vors\u00e4tzliches oder grob fahrl\u00e4ssiges Verschulden vorliegt. Die Firma Alfred Schatz beh\u00e4lt es sich ausdr\u00fccklich vor, Teile der Seiten oder das gesamte Angebot ohne gesonderte Ank\u00fcndigung zu ver\u00e4ndern, zu erg\u00e4nzen, zu l\u00f6schen oder die Ver\u00f6ffentlichung zeitweise oder endg\u00fcltig einzustellen.<\/span><\/p>\n<p><strong><span style=\"color: black; font-family: 'Arial',sans-serif; font-size: 10pt;\">2. Verweise und Links<\/span><\/strong><b><span style=\"color: black; font-family: 'Arial',sans-serif; font-size: 10pt;\"><br \/>\n<\/span><\/b><span style=\"color: black; font-family: 'Arial',sans-serif; font-size: 10pt;\">Bei direkten oder indirekten Verweisen auf fremde Internetseiten (\u201cLinks\u201d), die au\u00dferhalb des Verantwortungsbereiches der Firma Alfred Schatz liegen, w\u00fcrde eine Haftungsverpflichtung ausschlie\u00dflich in dem Fall in Kraft treten, in dem die Firma Alfred Schatz von den Inhalten Kenntnis hat und es ihm technisch m\u00f6glich und zumutbar w\u00e4re, die Nutzung im Falle rechtswidriger Inhalte zu verhindern. Die Firma Alfred Schatz erkl\u00e4rt daher ausdr\u00fccklich, dass zum Zeitpunkt der Linksetzung die entsprechenden verlinkten Seiten frei von illegalen Inhalten waren. Die Firma Alfred Schatz hat keinerlei Einfluss auf die aktuelle und zuk\u00fcnftige Gestaltung und auf die Inhalte der gelinkten\/verkn\u00fcpften Seiten. Deshalb distanziert die Firma Alfred Schatz sich hiermit ausdr\u00fccklich von allen Inhalten aller gelinkten \/verkn\u00fcpften Seiten, die nach der Linksetzung ver\u00e4ndert wurden. Diese Feststellung gilt f\u00fcr alle innerhalb des eigenen Internetangebotes gesetzten Links und Verweise sowie f\u00fcr Fremdeintr\u00e4ge in von der Firma Alfred Schatz eingerichteten G\u00e4steb\u00fcchern, Diskussionsforen und Mailinglisten. F\u00fcr illegale, fehlerhafte oder unvollst\u00e4ndige Inhalte und insbesondere f\u00fcr Sch\u00e4den, die aus der Nutzung oder Nichtnutzung solcher Art dargebotener Informationen entstehen, haftet allein der Anbieter der Seite, auf welche verwiesen wurde, nicht derjenige, der \u00fcber Links auf die jeweilige Ver\u00f6ffentlichung lediglich verweist.<\/span><\/p>\n<p><strong><span style=\"color: black; font-family: 'Arial',sans-serif; font-size: 10pt;\">3. Urheber- und Kennzeichenrecht<\/span><\/strong><b><span style=\"color: black; font-family: 'Arial',sans-serif; font-size: 10pt;\"><br \/>\n<\/span><\/b><span style=\"color: black; font-family: 'Arial',sans-serif; font-size: 10pt;\">Die Firma Alfred Schatz ist bestrebt, in allen Publikationen die Urheberrechte der verwendeten Grafiken, Tondokumente, Videosequenzen und Texte zu beachten, von ihm selbst erstellte Grafiken, Tondokumente, Videosequenzen und Texte zu nutzen oder auf lizenzfreie Grafiken, Tondokumente, Videosequenzen und Texte zur\u00fcckzugreifen. Alle innerhalb des Internetangebotes genannten und ggf. durch Dritte gesch\u00fctzten Marken- und Warenzeichen unterliegen uneingeschr\u00e4nkt den Bestimmungen des jeweils g\u00fcltigen Kennzeichenrechts und den Besitzrechten der jeweiligen eingetragenen Eigent\u00fcmer. Allein aufgrund der blo\u00dfen Nennung ist nicht der Schluss zu ziehen, dass Markenzeichen nicht durch Rechte Dritter gesch\u00fctzt sind! Das Copyright f\u00fcr ver\u00f6ffentlichte, von der Firma Alfred Schatz selbst erstellte Objekte bleibt allein beim Autor der Seiten. Eine Vervielf\u00e4ltigung oder Verwendung solcher Grafiken, Tondokumente, Videosequenzen und Texte in anderen elektronischen oder gedruckten Publikationen ist ohne ausdr\u00fcckliche Zustimmung der Firma Alfred Schatz nicht gestattet.<\/span><\/p>\n<p><strong><span style=\"color: black; font-family: 'Arial',sans-serif; font-size: 10pt;\">4. Datenschutz<\/span><\/strong><b><span style=\"color: black; font-family: 'Arial',sans-serif; font-size: 10pt;\"><br \/>\n<\/span><\/b><span style=\"color: black; font-family: 'Arial',sans-serif; font-size: 10pt;\">Sofern innerhalb des Internetangebotes die M\u00f6glichkeit zur Eingabe pers\u00f6nlicher oder gesch\u00e4ftlicher Daten (Emailadressen, Namen, Anschriften) besteht, so erfolgt die Preisgabe dieser Daten seitens des Nutzers auf ausdr\u00fccklich freiwilliger Basis. Die Inanspruchnahme und Bezahlung aller angebotenen Dienste ist \u2013 soweit technisch m\u00f6glich und zumutbar \u2013 auch ohne Angabe solcher Daten bzw. unter Angabe anonymisierter Daten oder eines Pseudonyms gestattet.<\/span><\/p>\n<p><strong><span style=\"color: black; font-family: 'Arial',sans-serif; font-size: 10pt;\">5. Rechtswirksamkeit dieses Haftungsausschlusses<\/span><\/strong><b><span style=\"color: black; font-family: 'Arial',sans-serif; font-size: 10pt;\"><br \/>\n<\/span><\/b><span style=\"color: black; font-family: 'Arial',sans-serif; font-size: 10pt;\">Dieser Haftungsausschluss ist als Teil des Internetangebotes der Firma Alfred Schatz zu betrachten. Sofern Teile oder einzelne Formulierungen dieses Textes der geltenden Rechtslage nicht, nicht mehr oder nicht vollst\u00e4ndig entsprechen sollten, bleiben die \u00fcbrigen Teile des Dokumentes in ihrem Inhalt und ihrer G\u00fcltigkeit davon unber\u00fchrt.<\/span><\/p>\n<p><strong><span style=\"color: black; font-family: 'Arial',sans-serif; font-size: 10pt;\">6. Bildmaterial<\/span><\/strong><b><span style=\"color: black; font-family: 'Arial',sans-serif; font-size: 10pt;\"><br \/>\n<\/span><\/b><span style=\"color: black; font-family: 'Arial',sans-serif; font-size: 10pt;\">F\u00fcr Bilder \/ Grafikeinlagen oder \u00e4hnliches die den Copyright von Alfred Schatz unterliegen gilt folgendes. -eine Verwendung nur mit ausdr\u00fccklichen Genehmigung von Alfred Schatz. \u2013 Verwendung einer Grafikvorlage (die den Copyright von Alfred Schatz unterliegt) die zum erstellen einer neuen Grafikvorlage dienen, unterliegt ebenfalls dem Copyright vom Alfred Schatz, und ist nur mit ausdr\u00fccklichen Genehmigung von Alfred Schatz erlaubt.<\/span><\/p>\n<p><span style=\"color: #000000; font-family: Calibri;\">\u00a0<\/span><\/p>\n<p>&nbsp;<\/p>\n","protected":false},"excerpt":{"rendered":"<p>Betreiber und Inhalt: Alfred Schatz Hampersdorf 40 84405 Dorfen Telefon 08081 8800 Telefax 08081 959067 Handy 01729700948 alfred.schatz@t-online.de www.alfred-schatz.de Ansprechpartner und Verantwortlich f\u00fcr Text und Inhalt: Alfred Schatz Umsatzsteuer-ID: Umsatzsteuer-Identifikationsnummer [&#8230;]<\/p>\n","protected":false},"author":1,"featured_media":0,"parent":0,"menu_order":0,"comment_status":"closed","ping_status":"closed","template":"","meta":{"footnotes":""},"class_list":["post-4","page","type-page","status-publish","hentry"],"_links":{"self":[{"href":"https:\/\/alfred-schatz.de\/index.php?rest_route=\/wp\/v2\/pages\/4"}],"collection":[{"href":"https:\/\/alfred-schatz.de\/index.php?rest_route=\/wp\/v2\/pages"}],"about":[{"href":"https:\/\/alfred-schatz.de\/index.php?rest_route=\/wp\/v2\/types\/page"}],"author":[{"embeddable":true,"href":"https:\/\/alfred-schatz.de\/index.php?rest_route=\/wp\/v2\/users\/1"}],"replies":[{"embeddable":true,"href":"https:\/\/alfred-schatz.de\/index.php?rest_route=%2Fwp%2Fv2%2Fcomments&post=4"}],"version-history":[{"count":5,"href":"https:\/\/alfred-schatz.de\/index.php?rest_route=\/wp\/v2\/pages\/4\/revisions"}],"predecessor-version":[{"id":16,"href":"https:\/\/alfred-schatz.de\/index.php?rest_route=\/wp\/v2\/pages\/4\/revisions\/16"}],"wp:attachment":[{"href":"https:\/\/alfred-schatz.de\/index.php?rest_route=%2Fwp%2Fv2%2Fmedia&parent=4"}],"curies":[{"name":"wp","href":"https:\/\/api.w.org\/{rel}","templated":true}]}}